u?
52
Suppose 3496 = -74*u + 82*u. What is the greatest common divisor of 19 and u?
19
Suppose 4*n = -o + 13, -3*o - 50 + 89 = 4*n. Calculate the greatest common factor of o and 2509.
13
Let y = -347 + 685. Calculate the greatest common divisor of 286 and y.
26
Let w be (14/35)/(1/(-5)). Let f(n) = 9*n**2 + 2*n + 1. Let y be f(w). Suppose -2*t + 5*t - 9 = 0. What is the highest common divisor of y and t?
3
Let g(z) = 1 + 10 - 5 - 2*z. Let u be g(-8). Suppose 20 = n + 3*v - u, -4*v + 76 = 2*n. Calculate the greatest common divisor of 15 and n.
15
Let n = -127 - -203. What is the highest common divisor of 722 and n?
38
Let d be 0/(-1) + (-63)/(-1). Let n(t) = -t**2 + 33*t - 251. Let k be n(20). What is the highest common factor of k and d?
9
Let b be 24/9 + 2/(-3). Suppose -113 = b*f - 269. Let l = -56 + f. What is the highest common divisor of 198 and l?
22
Suppose -2*x + 4*i = -288, -3*x + 5*i = -7*x + 576. What is the highest common factor of x and 81?
9
Let r(j) = j**2 - 5*j + 7. Let v be r(5). Suppose 19*t - 16*t = 6. Suppose 39 = s - 2*a, s = -3*a + t*a + 33. What is the highest common factor of s and v?
7
Let l = 185 + -105. Let g = 0 - -5. Suppose 178 - 18 = g*w. Calculate the highest common divisor of w and l.
16
Suppose 3*o + 30*h = 27*h + 558, -390 = -2*o + 4*h. Calculate the highest common divisor of o and 7.
7
Let t = -3802 + 3826. Let g = 17 - 1. Calculate the highest common factor of t and g.
8
Suppose -15 = -y + 7. Suppose -c + y = 5*l, -l + 0*l + 8 = 2*c. Let g = -41 + 57. What is the greatest common divisor of g and l?
4
Suppose 3*y = -5*t - 37, 0 = -2*y - 0*y - 5*t - 33. Let q be 166/7 + y/(-14). Let g be 0 - -1 - (-188 - 3). Calculate the greatest common factor of g and q.
24
Suppose 47*i = 53*i - 36. Let n(b) = b**3 - 5*b**2 - 2*b. Let k = 12 + -6. Let h be n(k). Calculate the highest common divisor of h and i.
6
Let v(j) = 23*j - 17. Let r be v(3). Calculate the greatest common factor of r and 65.
13
Let r = 1157 + -965. Let m(g) = g**3 - 5*g**2 + g - 3. Let v be m(3). Let c be r/5 - v/(-45). Calculate the greatest common divisor of c and 19.
19
Let f be 217182/210 - (12/(-15) + 1). Calculate the greatest common factor of f and 47.
47
Let k(b) = -b**2 + 4*b + 5. Let l be k(5). Suppose l = 2*o + 3*u - 53, 3*o - 75 + 15 = 2*u. Calculate the highest common divisor of o and 2.
2
Suppose -23*a - 4*c = -19*a, 36 = 4*a - 5*c. What is the greatest common factor of a and 4?
4
Suppose 0 = -2*k + 4*k - 106. Suppose -3*f = -6, k = 5*a - 2*f - 28. Let z = a - 5. Calculate the greatest common factor of 36 and z.
12
Suppose -r = -3, -4*z + r + 26 = -31. What is the highest common divisor of 3 and z?
3
Suppose -270 = -9*y - 18. Calculate the greatest common divisor of y and 28.
28
Let y = 5 - 2. Suppose -u + 588 = y*u. Let l be 318/15 - 3/15. What is the greatest common divisor of l and u?
21
Let u(i) = i**3 + 11*i**2 + 8*i - 11. Let s be u(-10). Suppose 0 = 4*b - 2*b - 6. What is the highest common divisor of b and s?
3
Let q = 27 - 19. Suppose 7 = -x + 2*c, -5*c = -3 - 2. Let g(l) = -10*l + 14. Let h be g(x). What is the greatest common factor of h and q?
8
Let t be (3 + -4 + -21)/(1 + -3). Let r = t + 11. What is the highest common divisor of r and 44?
22
Let k = 1380 - 1006. Calculate the greatest common factor of 132 and k.
22
Suppose 0 = 4*i - 14 - 30. Suppose 3*x = -f - 72, 4*f + 45 = -3*x - 36. Let h = 54 - x. Calculate the greatest common divisor of i and h.
11
Suppose -176 + 708 = 19*z. What is the greatest common divisor of 84 and z?
28
Suppose 3*i = -2*b + 2, 0 = 4*i + 5*b - b - 8. Let u = 17 - i. Let s = -433 - -604. Calculate the highest common divisor of s and u.
19
Suppose -2*a = u - 0*u - 15, 5*u - a - 31 = 0. Let b = 13 + -8. Suppose -5*s = -5*h + 295, 2*s = b + 3. What is the greatest common divisor of u and h?
7
Let w(v) = 11*v**2 + v. Let x be w(-1). Suppose 3*u - 30 = -0*f - 3*f, 4*f + 51 = 3*u. Suppose 3 = -5*s + u. Calculate the greatest common factor of x and s.
2
Let y(o) = 2*o - 23. Let m be y(13). Suppose -630 + 63 = -m*x. Calculate the highest common divisor of x and 21.
21
Suppose 3*g + 30 = 5*g. Let h = 40 - g. Let p = 81 - h. Calculate the greatest common divisor of 14 and p.
14
Suppose 4*h = 5*z - 25, 4*h + z + 10 = 3*z. Let a(f) = -f**2 - 3*f + 40. Let k be a(h). Suppose -4*t = -23 + 3. Calculate the highest common factor of t and k.
5
Suppose -v = -34 - 23. Let p be 1/(-3) + v/9. Suppose -p*y + 4*y + 45 = w, y + w - 24 = 0. What is the greatest common factor of y and 14?
7
Suppose f + 3 = 5. Let k be (4/10)/(f/20). Suppose 0 = j - 5, k*j = m - 0*m + 7. What is the highest common factor of 13 and m?
13
Let f be (-288)/80*(-30)/9. What is the greatest common factor of 276 and f?
12
Let v = 10 - 4. Suppose -4*t = -10 - v. Suppose -3*c + 25 + 9 = 4*r, -c + t*r = 10. Calculate the greatest common factor of 48 and c.
6
Let i(u) = u**2 + 31*u + 142. Let a be i(-30). Suppose 0 = -4*q + 12, -3*q + 0*q = -4*v + 55. What is the highest common divisor of v and a?
16
Let m be -6 - (2 - 6) - -107. Let g be (0 + -4 - -1) + 3. Suppose 4*w - 82 = 2*d, -d = w - 22 - g. Calculate the highest common factor of m and w.
21
Suppose -6*t = -2*t - 476. Calculate the greatest common factor of t and 7.
7
Let j(w) = w**3 - 4*w**2 - 4*w + 4. Let l be j(5). Let f = -2 + l. Let p be (4/10*5)/2. Calculate the greatest common divisor of f and p.
1
Let o be 5/10*(-4)/2. Let w be o/(406/204 + -2). Suppose -w = 2*m - 332. What is the greatest common divisor of m and 23?
23
Let b be (85/3)/17*(417 + 0). Calculate the greatest common factor of 278 and b.
139
Suppose p - 3*q - 36 = -4*p, -p - 5*q + 24 = 0. Suppose -p*w - 3*w = -204. What is the greatest common divisor of 17 and w?
17
Let h = -42 - -47. Suppose 0 = -4*u - 5*o + 56, -o = -6*u + h*u + 5. Calculate the highest common factor of 63 and u.
9
Let l = -1 + 13. Suppose -3*s + 2*t = -8, -5*t = 5*s - 6 + 1. Suppose 2*o - 528 = -s*o. What is the highest common factor of l and o?
12
Let n = 682 - 570. What is the highest common divisor of 7 and n?
7
Let l be 0 + (-10 - (-6 - -1)). Let u be (7*l/20)/((-2)/40). Suppose 5*d + 5*y = 35, -4*d = -2*y + y - 28. What is the highest common divisor of d and u?
7
Let y(h) = 18 + 23 - h - 50 - 3*h. Suppose 0*o - o - 7 = 4*p, 4*p - 14 = 2*o. Let n be y(o). What is the greatest common factor of n and 171?
19
Suppose -f + 1 = -5. Let i be (-280)/(-3) - (-2)/(-6). Suppose 5*t = -18 + i. What is the greatest common factor of t and f?
3
Let w = -100 + 109. Suppose -6*g - w*g = -1170. What is the greatest common factor of 26 and g?
26
Let h(a) = -18*a + 2. Suppose 0 = -2*o + 4*o + 6. Let r be h(o). Let g be 180/(-495) - 81/(-11). Calculate the highest common divisor of g and r.
7
Suppose -u = 2, g + 0*g - 5*u + 2 = 0. Let m(w) = -2*w**2 - 26*w + 16. Let n be m(g). Suppose -k - 10 = -2*k. Calculate the greatest common divisor of n and k.
10
Let t = -17 + 20. Suppose 5*o + 605 = -k, t*o + 5*k + 92 + 271 = 0. Let b be 4/((-4)/o) + 0. What is the greatest common factor of b and 11?
11
Let v be (-3)/6*3*-2. Let r(s) = -s - 8. Let j be r(-6). Let g(f) = f**3 + 3*f**2 - 2. Let i be g(j). What is the greatest common factor of v and i?
1
Let v be 5 + 36/9 + (-1 - -13). Calculate the highest common factor of v and 56.
7
Suppose j = 2*d + 64, 0 = -5*j + 5*d + 158 + 177. Let x(o) = 4*o - 18. Let l be x(0). Let r = l + 32. Calculate the highest common factor of j and r.
14
Let u be (-2)/4 - (-114)/4. Let r be (21/u)/((-2)/(-16)). Suppose -r + 5 = -h. What is the highest common divisor of 8 and h?
1
Let q(g) = -3*g**2 + 4*g + 8. Let c be (0 - 1) + 3 + 6. Let w be q(c). Let n be 16/24 - w/6. Calculate the greatest common divisor of n and 65.
13
Let r be 9 + 4/2 - 0. Suppose 19*t = 17*t - 540. Let p = t - -391. What is the highest common divisor of r and p?
11
Suppose 0 = 41*s + 160 - 857. Calculate the greatest common divisor of s and 3.
1
Suppose 5*x - 324 = -4*a, a - 55 = -4*x + 202. Let t = -30 + 18. Let g = t - -20. What is the greatest common divisor of g and x?
8
Suppose 5*q + 2 - 22 = 0. Suppose q*a - a = 6. Calculate the greatest common divisor of 3 and a.
1
Let p(i) = -i**2 - 18*i - 25*i + 8 + 38*i - 1. Let n be p(-5). Suppose 3*s = 4*b - 124, 36 = 2*b + 2*s +